{"id":174,"date":"2022-08-30T21:35:00","date_gmt":"2022-08-30T21:35:00","guid":{"rendered":"http:\/\/osvrhbosna.edu.ba\/?page_id=174"},"modified":"2022-11-09T19:50:26","modified_gmt":"2022-11-09T19:50:26","slug":"novo-u-biblioteci","status":"publish","type":"page","link":"https:\/\/osvrhbosna.edu.ba\/index.php\/novo-u-biblioteci\/","title":{"rendered":"Novo u biblioteci"},"content":{"rendered":"\t\t<div data-elementor-type=\"wp-page\" data-elementor-id=\"174\" class=\"elementor elementor-174\">\n\t\t\t\t\t\t<section class=\"elementor-section elementor-top-section elementor-element elementor-element-40b738b elementor-section-boxed elementor-section-height-default elementor-section-height-default\" data-id=\"40b738b\" data-element_type=\"section\" data-e-type=\"section\">\n\t\t\t\t\t\t<div class=\"elementor-container elementor-column-gap-default\">\n\t\t\t\t\t<div class=\"elementor-column elementor-col-100 elementor-top-column elementor-element elementor-element-8fcab1d\" data-id=\"8fcab1d\" data-element_type=\"column\" data-e-type=\"column\">\n\t\t\t<div class=\"elementor-widget-wrap elementor-element-populated\">\n\t\t\t\t\t\t<div class=\"elementor-element elementor-element-7c5ad16 elementor-widget-divider--separator-type-pattern elementor-widget-divider--no-spacing elementor-widget-divider--view-line elementor-widget elementor-widget-divider\" data-id=\"7c5ad16\" data-element_type=\"widget\" data-e-type=\"widget\" data-widget_type=\"divider.default\">\n\t\t\t\t<div class=\"elementor-widget-container\">\n\t\t\t\t\t\t\t<div class=\"elementor-divider\" style=\"--divider-pattern-url: url(&quot;data:image\/svg+xml,%3Csvg xmlns=&#039;http:\/\/www.w3.org\/2000\/svg&#039; preserveAspectRatio=&#039;xMidYMid meet&#039; overflow=&#039;visible&#039; height=&#039;100%&#039; viewBox=&#039;0 0 126 26&#039; fill=&#039;black&#039; stroke=&#039;none&#039;%3E%3Cpath d=&#039;M111.9,18.3v3.4H109v-3.4H111.9z M90.8,18.3v3.4H88v-3.4H90.8z M69.8,18.3v3.4h-2.9v-3.4H69.8z M48.8,18.3v3.4h-2.9v-3.4H48.8z M27.7,18.3v3.4h-2.9v-3.4H27.7z M6.7,18.3v3.4H3.8v-3.4H6.7z M46.4,4l4.3,4.8l-1.8,0l3.5,4.4l-2.2-0.1l3,3.3l-11,0.4l3.6-3.8l-2.9-0.1l3.1-4.2l-1.9,0L46.4,4z M111.4,4l2.4,4.8l-1.8,0l3.5,4.4l-2.5-0.1l3.3,3.3h-11l3.1-3.4l-2.5-0.1l3.1-4.2l-1.9,0L111.4,4z M89.9,4l2.9,4.8l-1.9,0l3.2,4.2l-2.5,0l3.5,3.5l-11-0.4l3-3.1l-2.4,0L88,8.8l-1.9,0L89.9,4z M68.6,4l3,4.4l-1.9,0.1l3.4,4.1l-2.7,0.1l3.8,3.7H63.8l2.9-3.6l-2.9,0.1L67,8.7l-2,0.1L68.6,4z M26.5,4l3,4.4l-1.9,0.1l3.7,4.7l-2.5-0.1l3.3,3.3H21l3.1-3.4l-2.5-0.1l3.2-4.3l-2,0.1L26.5,4z M4.9,4l3.7,4.8l-1.5,0l3.1,4.2L7.6,13l3.4,3.4H0l3-3.3l-2.3,0.1l3.5-4.4l-2.3,0L4.9,4z&#039;\/%3E%3C\/svg%3E&quot;);\">\n\t\t\t<span class=\"elementor-divider-separator\">\n\t\t\t\t\t\t<\/span>\n\t\t<\/div>\n\t\t\t\t\t\t<\/div>\n\t\t\t\t<\/div>\n\t\t\t\t\t<\/div>\n\t\t<\/div>\n\t\t\t\t\t<\/div>\n\t\t<\/section>\n\t\t\t\t<section class=\"elementor-section elementor-top-section elementor-element elementor-element-758caac elementor-section-boxed elementor-section-height-default elementor-section-height-default\" data-id=\"758caac\" data-element_type=\"section\" data-e-type=\"section\">\n\t\t\t\t\t\t<div class=\"elementor-container elementor-column-gap-default\">\n\t\t\t\t\t<div class=\"elementor-column elementor-col-100 elementor-top-column elementor-element elementor-element-3d06e5a\" data-id=\"3d06e5a\" data-element_type=\"column\" data-e-type=\"column\">\n\t\t\t<div class=\"elementor-widget-wrap elementor-element-populated\">\n\t\t\t\t\t\t<div class=\"elementor-element elementor-element-7853ef6 elementor-widget__width-inherit elementor-widget elementor-widget-text-editor\" data-id=\"7853ef6\" data-element_type=\"widget\" data-e-type=\"widget\" data-widget_type=\"text-editor.default\">\n\t\t\t\t<div class=\"elementor-widget-container\">\n\t\t\t\t\t\t\t\t\t<h3>28.10.2022.<\/h3><h3>NACIONALNI DAN SVJESNOSTI O BIBLIOTEKAMA<img decoding=\"async\" class=\"CToWUd\" src=\"https:\/\/ci4.googleusercontent.com\/proxy\/MaFf-gNv7UpNnUkmsM5PCqRkAHncN0H-rhYVD2x-64qmtuCnPgKxSUS1y43JtghXtZnsawDOO5TDr4E0xZDxu08ZBoCYgtEqS07ea3gG0CXUD-shRQ=s0-d-e1-ft#https:\/\/static.xx.fbcdn.net\/images\/emoji.php\/v9\/t49\/1\/16\/1f4da.png\" alt=\"\ud83d\udcda\" width=\"16\" height=\"16\" data-bit=\"iit\" \/><\/h3><div><div dir=\"auto\">&#8220;Jedino \u0161to zaista morate znati je gdje se nalazi biblioteka.&#8221; (Albert Einstein)<\/div><\/div><div><div dir=\"auto\">Povodom obilje\u017eavanja Nacionalnog dana svjesnosti o bibliotekama u Bosni i Hercegovini, u\u010denici VIII razreda su uz \u010daj \u010ditali svoja omiljena djela i u\u017eivali u toplini na\u0161e \u0161kolske biblioteke. Uz razgovor sa nastavnicom Bosanskog jezika i knji\u017eevnosti, Amelom Had\u017eo o pro\u010ditanoj lektiri &#8220;Bulke pored pruge&#8221; saznali su i ne\u0161to novo o pojmovima iz Medijske pismenosti od bibliotekarke, Sanele Dizdar.<\/div><div dir=\"auto\">Cilj projekta je bio da u\u010denici vi\u0161e vremena provode u \u010ditaonicama i bibliotekama jer su to najva\u017enije prostorije u kojima \u0107e svako prona\u0107i ne\u0161to za sebe.<\/div><\/div><div><div dir=\"auto\">&#8220;Na\u0161a biblioteka je na\u0161 \u010duvar znanja!&#8221;<\/div><\/div>\t\t\t\t\t\t\t\t<\/div>\n\t\t\t\t<\/div>\n\t\t\t\t\t<\/div>\n\t\t<\/div>\n\t\t\t\t\t<\/div>\n\t\t<\/section>\n\t\t\t\t<section class=\"elementor-section elementor-top-section elementor-element elementor-element-b28b6e1 elementor-section-boxed elementor-section-height-default elementor-section-height-default\" data-id=\"b28b6e1\" data-element_type=\"section\" data-e-type=\"section\">\n\t\t\t\t\t\t<div class=\"elementor-container elementor-column-gap-default\">\n\t\t\t\t\t<div class=\"elementor-column elementor-col-100 elementor-top-column elementor-element elementor-element-62c3602\" data-id=\"62c3602\" data-element_type=\"column\" data-e-type=\"column\">\n\t\t\t<div class=\"elementor-widget-wrap elementor-element-populated\">\n\t\t\t\t\t\t<div class=\"elementor-element elementor-element-9bb84b0 elementor-widget elementor-widget-image-gallery\" data-id=\"9bb84b0\" data-element_type=\"widget\" data-e-type=\"widget\" data-widget_type=\"image-gallery.default\">\n\t\t\t\t<div class=\"elementor-widget-container\">\n\t\t\t\t\t\t\t<div class=\"elementor-image-gallery\">\n\t\t\t<div id='gallery-1' class='gallery galleryid-174 gallery-columns-4 gallery-size-team-thumb'><figure class='gallery-item'>\n\t\t\t<div class='gallery-icon landscape'>\n\t\t\t\t<a data-elementor-open-lightbox=\"yes\" data-elementor-lightbox-slideshow=\"9bb84b0\" data-elementor-lightbox-title=\"20221028_083937\" data-e-action-hash=\"#elementor-action%3Aaction%3Dlightbox%26settings%3DeyJpZCI6MTA2NCwidXJsIjoiaHR0cHM6XC9cL29zdnJoYm9zbmEuZWR1LmJhXC93cC1jb250ZW50XC91cGxvYWRzXC8yMDIyXC8xMVwvMjAyMjEwMjhfMDgzOTM3LmpwZyIsInNsaWRlc2hvdyI6IjliYjg0YjAifQ%3D%3D\" href='https:\/\/osvrhbosna.edu.ba\/wp-content\/uploads\/2022\/11\/20221028_083937.jpg'><img fetchpriority=\"high\" decoding=\"async\" width=\"400\" height=\"400\" src=\"https:\/\/osvrhbosna.edu.ba\/wp-content\/uploads\/2022\/11\/20221028_083937-400x400.jpg\" class=\"attachment-team-thumb size-team-thumb\" alt=\"\" srcset=\"https:\/\/osvrhbosna.edu.ba\/wp-content\/uploads\/2022\/11\/20221028_083937-400x400.jpg 400w, https:\/\/osvrhbosna.edu.ba\/wp-content\/uploads\/2022\/11\/20221028_083937-150x150.jpg 150w\" sizes=\"(max-width: 400px) 100vw, 400px\" \/><\/a>\n\t\t\t<\/div><\/figure><figure class='gallery-item'>\n\t\t\t<div class='gallery-icon landscape'>\n\t\t\t\t<a data-elementor-open-lightbox=\"yes\" data-elementor-lightbox-slideshow=\"9bb84b0\" data-elementor-lightbox-title=\"20221028_081710\" data-e-action-hash=\"#elementor-action%3Aaction%3Dlightbox%26settings%3DeyJpZCI6MTA2MywidXJsIjoiaHR0cHM6XC9cL29zdnJoYm9zbmEuZWR1LmJhXC93cC1jb250ZW50XC91cGxvYWRzXC8yMDIyXC8xMVwvMjAyMjEwMjhfMDgxNzEwLmpwZyIsInNsaWRlc2hvdyI6IjliYjg0YjAifQ%3D%3D\" href='https:\/\/osvrhbosna.edu.ba\/wp-content\/uploads\/2022\/11\/20221028_081710.jpg'><img decoding=\"async\" width=\"400\" height=\"400\" src=\"https:\/\/osvrhbosna.edu.ba\/wp-content\/uploads\/2022\/11\/20221028_081710-400x400.jpg\" class=\"attachment-team-thumb size-team-thumb\" alt=\"\" srcset=\"https:\/\/osvrhbosna.edu.ba\/wp-content\/uploads\/2022\/11\/20221028_081710-400x400.jpg 400w, https:\/\/osvrhbosna.edu.ba\/wp-content\/uploads\/2022\/11\/20221028_081710-150x150.jpg 150w\" sizes=\"(max-width: 400px) 100vw, 400px\" \/><\/a>\n\t\t\t<\/div><\/figure><figure class='gallery-item'>\n\t\t\t<div class='gallery-icon portrait'>\n\t\t\t\t<a data-elementor-open-lightbox=\"yes\" data-elementor-lightbox-slideshow=\"9bb84b0\" data-elementor-lightbox-title=\"20221028_081654\" data-e-action-hash=\"#elementor-action%3Aaction%3Dlightbox%26settings%3DeyJpZCI6MTA2MiwidXJsIjoiaHR0cHM6XC9cL29zdnJoYm9zbmEuZWR1LmJhXC93cC1jb250ZW50XC91cGxvYWRzXC8yMDIyXC8xMVwvMjAyMjEwMjhfMDgxNjU0LmpwZyIsInNsaWRlc2hvdyI6IjliYjg0YjAifQ%3D%3D\" href='https:\/\/osvrhbosna.edu.ba\/wp-content\/uploads\/2022\/11\/20221028_081654.jpg'><img loading=\"lazy\" decoding=\"async\" width=\"400\" height=\"400\" src=\"https:\/\/osvrhbosna.edu.ba\/wp-content\/uploads\/2022\/11\/20221028_081654-400x400.jpg\" class=\"attachment-team-thumb size-team-thumb\" alt=\"\" srcset=\"https:\/\/osvrhbosna.edu.ba\/wp-content\/uploads\/2022\/11\/20221028_081654-400x400.jpg 400w, https:\/\/osvrhbosna.edu.ba\/wp-content\/uploads\/2022\/11\/20221028_081654-150x150.jpg 150w\" sizes=\"(max-width: 400px) 100vw, 400px\" \/><\/a>\n\t\t\t<\/div><\/figure><figure class='gallery-item'>\n\t\t\t<div class='gallery-icon portrait'>\n\t\t\t\t<a data-elementor-open-lightbox=\"yes\" data-elementor-lightbox-slideshow=\"9bb84b0\" data-elementor-lightbox-title=\"20221028_081350\" data-e-action-hash=\"#elementor-action%3Aaction%3Dlightbox%26settings%3DeyJpZCI6MTA2MSwidXJsIjoiaHR0cHM6XC9cL29zdnJoYm9zbmEuZWR1LmJhXC93cC1jb250ZW50XC91cGxvYWRzXC8yMDIyXC8xMVwvMjAyMjEwMjhfMDgxMzUwLmpwZyIsInNsaWRlc2hvdyI6IjliYjg0YjAifQ%3D%3D\" href='https:\/\/osvrhbosna.edu.ba\/wp-content\/uploads\/2022\/11\/20221028_081350.jpg'><img loading=\"lazy\" decoding=\"async\" width=\"400\" height=\"400\" src=\"https:\/\/osvrhbosna.edu.ba\/wp-content\/uploads\/2022\/11\/20221028_081350-400x400.jpg\" class=\"attachment-team-thumb size-team-thumb\" alt=\"\" srcset=\"https:\/\/osvrhbosna.edu.ba\/wp-content\/uploads\/2022\/11\/20221028_081350-400x400.jpg 400w, https:\/\/osvrhbosna.edu.ba\/wp-content\/uploads\/2022\/11\/20221028_081350-150x150.jpg 150w\" sizes=\"(max-width: 400px) 100vw, 400px\" \/><\/a>\n\t\t\t<\/div><\/figure><figure class='gallery-item'>\n\t\t\t<div class='gallery-icon landscape'>\n\t\t\t\t<a data-elementor-open-lightbox=\"yes\" data-elementor-lightbox-slideshow=\"9bb84b0\" data-elementor-lightbox-title=\"20221028_081325\" data-e-action-hash=\"#elementor-action%3Aaction%3Dlightbox%26settings%3DeyJpZCI6MTA2MCwidXJsIjoiaHR0cHM6XC9cL29zdnJoYm9zbmEuZWR1LmJhXC93cC1jb250ZW50XC91cGxvYWRzXC8yMDIyXC8xMVwvMjAyMjEwMjhfMDgxMzI1LmpwZyIsInNsaWRlc2hvdyI6IjliYjg0YjAifQ%3D%3D\" href='https:\/\/osvrhbosna.edu.ba\/wp-content\/uploads\/2022\/11\/20221028_081325.jpg'><img loading=\"lazy\" decoding=\"async\" width=\"400\" height=\"400\" src=\"https:\/\/osvrhbosna.edu.ba\/wp-content\/uploads\/2022\/11\/20221028_081325-400x400.jpg\" class=\"attachment-team-thumb size-team-thumb\" alt=\"\" srcset=\"https:\/\/osvrhbosna.edu.ba\/wp-content\/uploads\/2022\/11\/20221028_081325-400x400.jpg 400w, https:\/\/osvrhbosna.edu.ba\/wp-content\/uploads\/2022\/11\/20221028_081325-150x150.jpg 150w\" sizes=\"(max-width: 400px) 100vw, 400px\" \/><\/a>\n\t\t\t<\/div><\/figure><figure class='gallery-item'>\n\t\t\t<div class='gallery-icon portrait'>\n\t\t\t\t<a data-elementor-open-lightbox=\"yes\" data-elementor-lightbox-slideshow=\"9bb84b0\" data-elementor-lightbox-title=\"20221028_081303\" data-e-action-hash=\"#elementor-action%3Aaction%3Dlightbox%26settings%3DeyJpZCI6MTA1OSwidXJsIjoiaHR0cHM6XC9cL29zdnJoYm9zbmEuZWR1LmJhXC93cC1jb250ZW50XC91cGxvYWRzXC8yMDIyXC8xMVwvMjAyMjEwMjhfMDgxMzAzLmpwZyIsInNsaWRlc2hvdyI6IjliYjg0YjAifQ%3D%3D\" href='https:\/\/osvrhbosna.edu.ba\/wp-content\/uploads\/2022\/11\/20221028_081303.jpg'><img loading=\"lazy\" decoding=\"async\" width=\"400\" height=\"400\" src=\"https:\/\/osvrhbosna.edu.ba\/wp-content\/uploads\/2022\/11\/20221028_081303-400x400.jpg\" class=\"attachment-team-thumb size-team-thumb\" alt=\"\" srcset=\"https:\/\/osvrhbosna.edu.ba\/wp-content\/uploads\/2022\/11\/20221028_081303-400x400.jpg 400w, https:\/\/osvrhbosna.edu.ba\/wp-content\/uploads\/2022\/11\/20221028_081303-150x150.jpg 150w\" sizes=\"(max-width: 400px) 100vw, 400px\" \/><\/a>\n\t\t\t<\/div><\/figure>\n\t\t<\/div>\n\t\t<\/div>\n\t\t\t\t\t\t<\/div>\n\t\t\t\t<\/div>\n\t\t\t\t\t<\/div>\n\t\t<\/div>\n\t\t\t\t\t<\/div>\n\t\t<\/section>\n\t\t\t\t<section class=\"elementor-section elementor-top-section elementor-element elementor-element-69ab6b0 elementor-section-boxed elementor-section-height-default elementor-section-height-default\" data-id=\"69ab6b0\" data-element_type=\"section\" data-e-type=\"section\">\n\t\t\t\t\t\t<div class=\"elementor-container elementor-column-gap-default\">\n\t\t\t\t\t<div class=\"elementor-column elementor-col-100 elementor-top-column elementor-element elementor-element-c67aa05\" data-id=\"c67aa05\" data-element_type=\"column\" data-e-type=\"column\">\n\t\t\t<div class=\"elementor-widget-wrap elementor-element-populated\">\n\t\t\t\t\t\t<div class=\"elementor-element elementor-element-d5f902b elementor-widget-divider--separator-type-pattern elementor-widget-divider--no-spacing elementor-widget-divider--view-line elementor-widget elementor-widget-divider\" data-id=\"d5f902b\" data-element_type=\"widget\" data-e-type=\"widget\" data-widget_type=\"divider.default\">\n\t\t\t\t<div class=\"elementor-widget-container\">\n\t\t\t\t\t\t\t<div class=\"elementor-divider\" style=\"--divider-pattern-url: url(&quot;data:image\/svg+xml,%3Csvg xmlns=&#039;http:\/\/www.w3.org\/2000\/svg&#039; preserveAspectRatio=&#039;xMidYMid meet&#039; overflow=&#039;visible&#039; height=&#039;100%&#039; viewBox=&#039;0 0 126 26&#039; fill=&#039;black&#039; stroke=&#039;none&#039;%3E%3Cpath d=&#039;M111.9,18.3v3.4H109v-3.4H111.9z M90.8,18.3v3.4H88v-3.4H90.8z M69.8,18.3v3.4h-2.9v-3.4H69.8z M48.8,18.3v3.4h-2.9v-3.4H48.8z M27.7,18.3v3.4h-2.9v-3.4H27.7z M6.7,18.3v3.4H3.8v-3.4H6.7z M46.4,4l4.3,4.8l-1.8,0l3.5,4.4l-2.2-0.1l3,3.3l-11,0.4l3.6-3.8l-2.9-0.1l3.1-4.2l-1.9,0L46.4,4z M111.4,4l2.4,4.8l-1.8,0l3.5,4.4l-2.5-0.1l3.3,3.3h-11l3.1-3.4l-2.5-0.1l3.1-4.2l-1.9,0L111.4,4z M89.9,4l2.9,4.8l-1.9,0l3.2,4.2l-2.5,0l3.5,3.5l-11-0.4l3-3.1l-2.4,0L88,8.8l-1.9,0L89.9,4z M68.6,4l3,4.4l-1.9,0.1l3.4,4.1l-2.7,0.1l3.8,3.7H63.8l2.9-3.6l-2.9,0.1L67,8.7l-2,0.1L68.6,4z M26.5,4l3,4.4l-1.9,0.1l3.7,4.7l-2.5-0.1l3.3,3.3H21l3.1-3.4l-2.5-0.1l3.2-4.3l-2,0.1L26.5,4z M4.9,4l3.7,4.8l-1.5,0l3.1,4.2L7.6,13l3.4,3.4H0l3-3.3l-2.3,0.1l3.5-4.4l-2.3,0L4.9,4z&#039;\/%3E%3C\/svg%3E&quot;);\">\n\t\t\t<span class=\"elementor-divider-separator\">\n\t\t\t\t\t\t<\/span>\n\t\t<\/div>\n\t\t\t\t\t\t<\/div>\n\t\t\t\t<\/div>\n\t\t\t\t\t<\/div>\n\t\t<\/div>\n\t\t\t\t\t<\/div>\n\t\t<\/section>\n\t\t\t\t<section class=\"elementor-section elementor-top-section elementor-element elementor-element-8d8f455 elementor-section-boxed elementor-section-height-default elementor-section-height-default\" data-id=\"8d8f455\" data-element_type=\"section\" data-e-type=\"section\">\n\t\t\t\t\t\t<div class=\"elementor-container elementor-column-gap-default\">\n\t\t\t\t\t<div class=\"elementor-column elementor-col-100 elementor-top-column elementor-element elementor-element-079045e\" data-id=\"079045e\" data-element_type=\"column\" data-e-type=\"column\">\n\t\t\t<div class=\"elementor-widget-wrap elementor-element-populated\">\n\t\t\t\t\t\t<div class=\"elementor-element elementor-element-13142c2 elementor-widget__width-inherit elementor-widget elementor-widget-text-editor\" data-id=\"13142c2\" data-element_type=\"widget\" data-e-type=\"widget\" data-widget_type=\"text-editor.default\">\n\t\t\t\t<div class=\"elementor-widget-container\">\n\t\t\t\t\t\t\t\t\t<h3>04.10.2022.<\/h3>\n<h3 class=\"entry-title\"><a href=\"https:\/\/osvrhbosna.edu.ba\/index.php\/2022\/10\/04\/cestitka-ucenika-skole-povodom-dana-ucitelja\/\" rel=\"bookmark\">\u010cestitka u\u010denika \u0161kole povodom Dana u\u010ditelja<\/a><\/h3>\n<p>Od ideje do realizacije i primjene, naziv je projekta kojim su u\u010denici \u0161kole sa nastavnicama: Jasminkom Plakalo i Amelom Had\u017eo, obilje\u017eili Dan u\u010ditelja. U\u010denici su pokazali da znaju primijeniti korelaciju: likovna kultura, tehni\u010dka kultura, bosanski jezik i knji\u017eevnost, kreativnost: izra\u0111ivati razli\u010dite predmete od recikliranog materijala, te primjenjivati kriti\u010dko mi\u0161ljenje, kojim su, na osnovu \u010destitki i mudrih misli, svim u\u010diteljima \u0161kole \u010destitali ovaj zna\u010dajni datum. Uloga u\u010ditelja u u\u010deni\u010dkom \u017eivotu je ogromna kao i empatija i zahvalnost u\u010denika prema onome \u0161to u\u010ditelji rade za njih.<\/p>\t\t\t\t\t\t\t\t<\/div>\n\t\t\t\t<\/div>\n\t\t\t\t\t<\/div>\n\t\t<\/div>\n\t\t\t\t\t<\/div>\n\t\t<\/section>\n\t\t\t\t<section class=\"elementor-section elementor-top-section elementor-element elementor-element-d1d3b33 elementor-section-boxed elementor-section-height-default elementor-section-height-default\" data-id=\"d1d3b33\" data-element_type=\"section\" data-e-type=\"section\">\n\t\t\t\t\t\t<div class=\"elementor-container elementor-column-gap-default\">\n\t\t\t\t\t<div class=\"elementor-column elementor-col-100 elementor-top-column elementor-element elementor-element-d10ab82\" data-id=\"d10ab82\" data-element_type=\"column\" data-e-type=\"column\">\n\t\t\t<div class=\"elementor-widget-wrap elementor-element-populated\">\n\t\t\t\t\t\t<div class=\"elementor-element elementor-element-cbbef55 stratum-masonry-gallery-effect-no stratum-masonry-gallery-effect-no elementor-widget elementor-widget-stratum-masonry-gallery\" data-id=\"cbbef55\" data-element_type=\"widget\" data-e-type=\"widget\" data-widget_type=\"stratum-masonry-gallery.default\">\n\t\t\t\t<div class=\"elementor-widget-container\">\n\t\t\t\t\t<div class=\"stratum-masonry-gallery masonry-grid effect-2\" data-options=\"{&quot;columns&quot;:2,&quot;gutter&quot;:2,&quot;animate&quot;:false}\">\n\n\t<div class=\"grid-sizer masonry-col-2\"><\/div>\n\t\t\t<div class=\"stratum-masonry-gallery__item masonry-item\">\n\t\t\t\t\t\t\t<a data-elementor-open-lightbox=\"default\" data-elementor-lightbox-slideshow=\"gallery-69f42fefb5277\" href=\"https:\/\/osvrhbosna.edu.ba\/wp-content\/uploads\/2022\/10\/3.jpg\" class=\"stratum-masonry-gallery__link\">\n\t\t\t                <div class=\"stratum-masonry-gallery__image\">\n                \t<figure>\n                   \t\t<img loading=\"lazy\" decoding=\"async\" width=\"1600\" height=\"1200\" class=\"wp-image-811\" alt=\"\" src=\"https:\/\/osvrhbosna.edu.ba\/wp-content\/uploads\/2022\/10\/3.jpg\" srcset=\"https:\/\/osvrhbosna.edu.ba\/wp-content\/uploads\/2022\/10\/3.jpg 1600w, https:\/\/osvrhbosna.edu.ba\/wp-content\/uploads\/2022\/10\/3-300x225.jpg 300w, https:\/\/osvrhbosna.edu.ba\/wp-content\/uploads\/2022\/10\/3-1024x768.jpg 1024w, https:\/\/osvrhbosna.edu.ba\/wp-content\/uploads\/2022\/10\/3-768x576.jpg 768w, https:\/\/osvrhbosna.edu.ba\/wp-content\/uploads\/2022\/10\/3-1536x1152.jpg 1536w\">                \t<\/figure>\n                <\/div>\n                <div class=\"stratum-masonry-gallery__overlay\"><\/div>\n            <\/a>\n        <\/div>\n\t\t\t<div class=\"stratum-masonry-gallery__item masonry-item\">\n\t\t\t\t\t\t\t<a data-elementor-open-lightbox=\"default\" data-elementor-lightbox-slideshow=\"gallery-69f42fefb5277\" href=\"https:\/\/osvrhbosna.edu.ba\/wp-content\/uploads\/2022\/10\/2.jpg\" class=\"stratum-masonry-gallery__link\">\n\t\t\t                <div class=\"stratum-masonry-gallery__image\">\n                \t<figure>\n                   \t\t<img loading=\"lazy\" decoding=\"async\" width=\"1600\" height=\"1200\" class=\"wp-image-810\" alt=\"\" src=\"https:\/\/osvrhbosna.edu.ba\/wp-content\/uploads\/2022\/10\/2.jpg\" srcset=\"https:\/\/osvrhbosna.edu.ba\/wp-content\/uploads\/2022\/10\/2.jpg 1600w, https:\/\/osvrhbosna.edu.ba\/wp-content\/uploads\/2022\/10\/2-300x225.jpg 300w, https:\/\/osvrhbosna.edu.ba\/wp-content\/uploads\/2022\/10\/2-1024x768.jpg 1024w, https:\/\/osvrhbosna.edu.ba\/wp-content\/uploads\/2022\/10\/2-768x576.jpg 768w, https:\/\/osvrhbosna.edu.ba\/wp-content\/uploads\/2022\/10\/2-1536x1152.jpg 1536w\">                \t<\/figure>\n                <\/div>\n                <div class=\"stratum-masonry-gallery__overlay\"><\/div>\n            <\/a>\n        <\/div>\n\t\t\t<div class=\"stratum-masonry-gallery__item masonry-item\">\n\t\t\t\t\t\t\t<a data-elementor-open-lightbox=\"default\" data-elementor-lightbox-slideshow=\"gallery-69f42fefb5277\" href=\"https:\/\/osvrhbosna.edu.ba\/wp-content\/uploads\/2022\/10\/1.jpg\" class=\"stratum-masonry-gallery__link\">\n\t\t\t                <div class=\"stratum-masonry-gallery__image\">\n                \t<figure>\n                   \t\t<img loading=\"lazy\" decoding=\"async\" width=\"1600\" height=\"1200\" class=\"wp-image-809\" alt=\"\" src=\"https:\/\/osvrhbosna.edu.ba\/wp-content\/uploads\/2022\/10\/1.jpg\" srcset=\"https:\/\/osvrhbosna.edu.ba\/wp-content\/uploads\/2022\/10\/1.jpg 1600w, https:\/\/osvrhbosna.edu.ba\/wp-content\/uploads\/2022\/10\/1-300x225.jpg 300w, https:\/\/osvrhbosna.edu.ba\/wp-content\/uploads\/2022\/10\/1-1024x768.jpg 1024w, https:\/\/osvrhbosna.edu.ba\/wp-content\/uploads\/2022\/10\/1-768x576.jpg 768w, https:\/\/osvrhbosna.edu.ba\/wp-content\/uploads\/2022\/10\/1-1536x1152.jpg 1536w\">                \t<\/figure>\n                <\/div>\n                <div class=\"stratum-masonry-gallery__overlay\"><\/div>\n            <\/a>\n        <\/div>\n\t\t\t<div class=\"stratum-masonry-gallery__item masonry-item\">\n\t\t\t\t\t\t\t<a data-elementor-open-lightbox=\"default\" data-elementor-lightbox-slideshow=\"gallery-69f42fefb5277\" href=\"https:\/\/osvrhbosna.edu.ba\/wp-content\/uploads\/2022\/10\/4.jpg\" class=\"stratum-masonry-gallery__link\">\n\t\t\t                <div class=\"stratum-masonry-gallery__image\">\n                \t<figure>\n                   \t\t<img loading=\"lazy\" decoding=\"async\" width=\"1600\" height=\"1200\" class=\"wp-image-808\" alt=\"\" src=\"https:\/\/osvrhbosna.edu.ba\/wp-content\/uploads\/2022\/10\/4.jpg\" srcset=\"https:\/\/osvrhbosna.edu.ba\/wp-content\/uploads\/2022\/10\/4.jpg 1600w, https:\/\/osvrhbosna.edu.ba\/wp-content\/uploads\/2022\/10\/4-300x225.jpg 300w, https:\/\/osvrhbosna.edu.ba\/wp-content\/uploads\/2022\/10\/4-1024x768.jpg 1024w, https:\/\/osvrhbosna.edu.ba\/wp-content\/uploads\/2022\/10\/4-768x576.jpg 768w, https:\/\/osvrhbosna.edu.ba\/wp-content\/uploads\/2022\/10\/4-1536x1152.jpg 1536w\">                \t<\/figure>\n                <\/div>\n                <div class=\"stratum-masonry-gallery__overlay\"><\/div>\n            <\/a>\n        <\/div>\n\t<\/div>\n\t\t\t\t<\/div>\n\t\t\t\t<\/div>\n\t\t\t\t\t<\/div>\n\t\t<\/div>\n\t\t\t\t\t<\/div>\n\t\t<\/section>\n\t\t\t\t<\/div>\n\t\t","protected":false},"excerpt":{"rendered":"<p>28.10.2022. NACIONALNI DAN SVJESNOSTI O BIBLIOTEKAMA &#8220;Jedino \u0161to zaista morate znati je gdje se nalazi biblioteka.&#8221; (Albert Einstein)Povodom obilje\u017eavanja Nacionalnog dana svjesnosti o bibliotekama u Bosni i Hercegovini, u\u010denici VIII razreda su uz \u010daj \u010ditali svoja omiljena djela i u\u017eivali u toplini&#8230;<\/p>\n","protected":false},"author":1,"featured_media":0,"parent":0,"menu_order":0,"comment_status":"closed","ping_status":"closed","template":"","meta":{"footnotes":""},"class_list":["post-174","page","type-page","status-publish","hentry"],"_links":{"self":[{"href":"https:\/\/osvrhbosna.edu.ba\/index.php\/wp-json\/wp\/v2\/pages\/174","targetHints":{"allow":["GET"]}}],"collection":[{"href":"https:\/\/osvrhbosna.edu.ba\/index.php\/wp-json\/wp\/v2\/pages"}],"about":[{"href":"https:\/\/osvrhbosna.edu.ba\/index.php\/wp-json\/wp\/v2\/types\/page"}],"author":[{"embeddable":true,"href":"https:\/\/osvrhbosna.edu.ba\/index.php\/wp-json\/wp\/v2\/users\/1"}],"replies":[{"embeddable":true,"href":"https:\/\/osvrhbosna.edu.ba\/index.php\/wp-json\/wp\/v2\/comments?post=174"}],"version-history":[{"count":10,"href":"https:\/\/osvrhbosna.edu.ba\/index.php\/wp-json\/wp\/v2\/pages\/174\/revisions"}],"predecessor-version":[{"id":1092,"href":"https:\/\/osvrhbosna.edu.ba\/index.php\/wp-json\/wp\/v2\/pages\/174\/revisions\/1092"}],"wp:attachment":[{"href":"https:\/\/osvrhbosna.edu.ba\/index.php\/wp-json\/wp\/v2\/media?parent=174"}],"curies":[{"name":"wp","href":"https:\/\/api.w.org\/{rel}","templated":true}]}}