{"id":49,"date":"2022-08-30T17:54:55","date_gmt":"2022-08-30T17:54:55","guid":{"rendered":"http:\/\/osvrhbosna.edu.ba\/?page_id=49"},"modified":"2025-12-18T19:52:43","modified_gmt":"2025-12-18T19:52:43","slug":"skola-u-bolnici","status":"publish","type":"page","link":"https:\/\/osvrhbosna.edu.ba\/index.php\/skola-u-bolnici\/","title":{"rendered":"\u0160kola u bolnici"},"content":{"rendered":"\n<p><strong><em>\u0160KOLA U BOLNICI \u2013 OBRAZOVANJE KOJE NE STAJE<\/em><\/strong><br>\u0160kola nije samo zgrada, u\u010dionica i \u0161kolsko zvono. \u0160kola je prostor podr\u0161ke, znanja i<br>nade \u2013 i upravo takva je \u0160kola u bolnici, podru\u010dno odjeljenje JU O\u0160 \u201eVrhbosna\u201c<br>Sarajevo.<br>Rad \u0160kole u bolnici omogu\u0107ava da djeca koja se nalaze na bolni\u010dkom lije\u010denju ne budu<br>isklju\u010dena iz obrazovnog procesa. Nastava se organizuje u skladu s njihovim<br>zdravstvenim stanjem, individualnim potrebama i mogu\u0107nostima, uz poseban naglasak<br>na emocionalnu podr\u0161ku i o\u010duvanje osje\u0107aja pripadnosti \u0161kolskoj zajednici.<br>Nastava prilago\u0111ena djetetu<br>U\u010denici u bolnici poha\u0111aju nastavu po prilago\u0111enom planu i programu, u dogovoru s<br>mati\u010dnom \u0161kolom, roditeljima i zdravstvenim osobljem. Rad se odvija individualno ili u<br>manjim grupama, u bolni\u010dkim prostorijama ili pored bolni\u010dkog kreveta, u zavisnosti od<br>zdravstvenog stanja u\u010denika.<br>Cilj nije samo preno\u0161enje znanja, ve\u0107 i:<br>* odr\u017eavanje kontinuiteta obrazovanja<\/p>\n\n\n\n<p>* olak\u0161avanje povratka u\u010denika u mati\u010dnu \u0161kolu<\/p>\n\n\n\n<p>* ja\u010danje samopouzdanja i motivacije<\/p>\n\n\n\n<p>* pru\u017eanje osje\u0107aja normalnosti u izazovnim okolnostima<\/p>\n\n\n\n<p>Uloga nastavnika<br>Nastavnici koji rade u \u0160koli u bolnici posjeduju posebnu senzibilnost, strpljenje i<br>profesionalnost. Osim pedago\u0161ke uloge, oni su i va\u017ean oslonac djeci tokom lije\u010denja,<br>\u010desto predstavljaju\u0107i vezu sa \u201esvijetom izvan bolnice\u201c.<br>Nastava se realizuje uz blisku saradnju s medicinskim osobljem, po\u0161tuju\u0107i sve<br>zdravstvene preporuke i ograni\u010denja.<br>Vi\u0161e od nastave<br>\u0160kola u bolnici nije samo mjesto u\u010denja, ve\u0107 i prostor kreativnosti, razgovora i<br>ohrabrenja. Kroz likovne aktivnosti, \u010ditanje, igre i razgovor, djeci se poma\u017ee da lak\u0161e<br>prebrode bolni\u010dke dane.<\/p>\n\n\n\n<figure class=\"wp-block-gallery has-nested-images columns-default is-cropped wp-block-gallery-1 is-layout-flex wp-block-gallery-is-layout-flex\">\n<figure class=\"wp-block-image size-large\"><img fetchpriority=\"high\" decoding=\"async\" width=\"1024\" height=\"593\" data-id=\"3798\" src=\"https:\/\/osvrhbosna.edu.ba\/wp-content\/uploads\/2025\/12\/0-02-05-e494c7754559a4515c23f9d6a5a081aba94e5e2b6c23f979239805da65cb74d0_2d4a675866719ee9-1024x593.jpg\" alt=\"\" class=\"wp-image-3798\" srcset=\"https:\/\/osvrhbosna.edu.ba\/wp-content\/uploads\/2025\/12\/0-02-05-e494c7754559a4515c23f9d6a5a081aba94e5e2b6c23f979239805da65cb74d0_2d4a675866719ee9-1024x593.jpg 1024w, https:\/\/osvrhbosna.edu.ba\/wp-content\/uploads\/2025\/12\/0-02-05-e494c7754559a4515c23f9d6a5a081aba94e5e2b6c23f979239805da65cb74d0_2d4a675866719ee9-300x174.jpg 300w, https:\/\/osvrhbosna.edu.ba\/wp-content\/uploads\/2025\/12\/0-02-05-e494c7754559a4515c23f9d6a5a081aba94e5e2b6c23f979239805da65cb74d0_2d4a675866719ee9-768x445.jpg 768w, https:\/\/osvrhbosna.edu.ba\/wp-content\/uploads\/2025\/12\/0-02-05-e494c7754559a4515c23f9d6a5a081aba94e5e2b6c23f979239805da65cb74d0_2d4a675866719ee9-1536x890.jpg 1536w, https:\/\/osvrhbosna.edu.ba\/wp-content\/uploads\/2025\/12\/0-02-05-e494c7754559a4515c23f9d6a5a081aba94e5e2b6c23f979239805da65cb74d0_2d4a675866719ee9.jpg 1600w\" sizes=\"(max-width: 1024px) 100vw, 1024px\" \/><\/figure>\n\n\n\n<figure class=\"wp-block-image size-large\"><img decoding=\"async\" width=\"1024\" height=\"473\" data-id=\"3797\" src=\"https:\/\/osvrhbosna.edu.ba\/wp-content\/uploads\/2025\/12\/0-02-05-c402b37432916e2ff9cd026491094693be05897394001438dfebfe2146cdba80_d1ae75b588c5683f-1-1024x473.jpg\" alt=\"\" class=\"wp-image-3797\" srcset=\"https:\/\/osvrhbosna.edu.ba\/wp-content\/uploads\/2025\/12\/0-02-05-c402b37432916e2ff9cd026491094693be05897394001438dfebfe2146cdba80_d1ae75b588c5683f-1-1024x473.jpg 1024w, https:\/\/osvrhbosna.edu.ba\/wp-content\/uploads\/2025\/12\/0-02-05-c402b37432916e2ff9cd026491094693be05897394001438dfebfe2146cdba80_d1ae75b588c5683f-1-300x139.jpg 300w, https:\/\/osvrhbosna.edu.ba\/wp-content\/uploads\/2025\/12\/0-02-05-c402b37432916e2ff9cd026491094693be05897394001438dfebfe2146cdba80_d1ae75b588c5683f-1-768x355.jpg 768w, https:\/\/osvrhbosna.edu.ba\/wp-content\/uploads\/2025\/12\/0-02-05-c402b37432916e2ff9cd026491094693be05897394001438dfebfe2146cdba80_d1ae75b588c5683f-1-1536x709.jpg 1536w, https:\/\/osvrhbosna.edu.ba\/wp-content\/uploads\/2025\/12\/0-02-05-c402b37432916e2ff9cd026491094693be05897394001438dfebfe2146cdba80_d1ae75b588c5683f-1.jpg 1600w\" sizes=\"(max-width: 1024px) 100vw, 1024px\" \/><\/figure>\n\n\n\n<figure class=\"wp-block-image size-large\"><img decoding=\"async\" width=\"1024\" height=\"658\" data-id=\"3796\" src=\"https:\/\/osvrhbosna.edu.ba\/wp-content\/uploads\/2025\/12\/0-02-05-d14723e7ca64a679eb2ee82f9b7108dba40cb9fabf264175a6b82e55a432e306_a4e4ef73171c9fa5-1-1024x658.jpg\" alt=\"\" class=\"wp-image-3796\" srcset=\"https:\/\/osvrhbosna.edu.ba\/wp-content\/uploads\/2025\/12\/0-02-05-d14723e7ca64a679eb2ee82f9b7108dba40cb9fabf264175a6b82e55a432e306_a4e4ef73171c9fa5-1-1024x658.jpg 1024w, https:\/\/osvrhbosna.edu.ba\/wp-content\/uploads\/2025\/12\/0-02-05-d14723e7ca64a679eb2ee82f9b7108dba40cb9fabf264175a6b82e55a432e306_a4e4ef73171c9fa5-1-300x193.jpg 300w, https:\/\/osvrhbosna.edu.ba\/wp-content\/uploads\/2025\/12\/0-02-05-d14723e7ca64a679eb2ee82f9b7108dba40cb9fabf264175a6b82e55a432e306_a4e4ef73171c9fa5-1-768x493.jpg 768w, https:\/\/osvrhbosna.edu.ba\/wp-content\/uploads\/2025\/12\/0-02-05-d14723e7ca64a679eb2ee82f9b7108dba40cb9fabf264175a6b82e55a432e306_a4e4ef73171c9fa5-1-1536x987.jpg 1536w, https:\/\/osvrhbosna.edu.ba\/wp-content\/uploads\/2025\/12\/0-02-05-d14723e7ca64a679eb2ee82f9b7108dba40cb9fabf264175a6b82e55a432e306_a4e4ef73171c9fa5-1.jpg 1600w\" sizes=\"(max-width: 1024px) 100vw, 1024px\" \/><\/figure>\n<\/figure>\n","protected":false},"excerpt":{"rendered":"<p>\u0160KOLA U BOLNICI \u2013 OBRAZOVANJE KOJE NE STAJE\u0160kola nije samo zgrada, u\u010dionica i \u0161kolsko zvono. \u0160kola je prostor podr\u0161ke, znanja inade \u2013 i upravo takva je \u0160kola u bolnici, podru\u010dno odjeljenje JU O\u0160 \u201eVrhbosna\u201cSarajevo.Rad \u0160kole u bolnici omogu\u0107ava da djeca koja se&#8230;<\/p>\n","protected":false},"author":1,"featured_media":3794,"parent":0,"menu_order":0,"comment_status":"closed","ping_status":"closed","template":"","meta":{"footnotes":""},"class_list":["post-49","page","type-page","status-publish","has-post-thumbnail","hentry"],"_links":{"self":[{"href":"https:\/\/osvrhbosna.edu.ba\/index.php\/wp-json\/wp\/v2\/pages\/49","targetHints":{"allow":["GET"]}}],"collection":[{"href":"https:\/\/osvrhbosna.edu.ba\/index.php\/wp-json\/wp\/v2\/pages"}],"about":[{"href":"https:\/\/osvrhbosna.edu.ba\/index.php\/wp-json\/wp\/v2\/types\/page"}],"author":[{"embeddable":true,"href":"https:\/\/osvrhbosna.edu.ba\/index.php\/wp-json\/wp\/v2\/users\/1"}],"replies":[{"embeddable":true,"href":"https:\/\/osvrhbosna.edu.ba\/index.php\/wp-json\/wp\/v2\/comments?post=49"}],"version-history":[{"count":2,"href":"https:\/\/osvrhbosna.edu.ba\/index.php\/wp-json\/wp\/v2\/pages\/49\/revisions"}],"predecessor-version":[{"id":3813,"href":"https:\/\/osvrhbosna.edu.ba\/index.php\/wp-json\/wp\/v2\/pages\/49\/revisions\/3813"}],"wp:featuredmedia":[{"embeddable":true,"href":"https:\/\/osvrhbosna.edu.ba\/index.php\/wp-json\/wp\/v2\/media\/3794"}],"wp:attachment":[{"href":"https:\/\/osvrhbosna.edu.ba\/index.php\/wp-json\/wp\/v2\/media?parent=49"}],"curies":[{"name":"wp","href":"https:\/\/api.w.org\/{rel}","templated":true}]}}