{"id":86,"date":"2022-08-30T21:02:02","date_gmt":"2022-08-30T21:02:02","guid":{"rendered":"http:\/\/osvrhbosna.edu.ba\/?page_id=86"},"modified":"2024-02-08T10:50:08","modified_gmt":"2024-02-08T10:50:08","slug":"historijat","status":"publish","type":"page","link":"https:\/\/osvrhbosna.edu.ba\/index.php\/historijat\/","title":{"rendered":"O \u0160KOLI"},"content":{"rendered":"\n<p><\/p>\n\n\n\n<p>Javna ustanova Osnovna \u0161kola \u201cVrhbosna\u201d smje\u0161tena je u naselju Faleti\u0107i, Op\u0107ina Stari Grad Sarajevo. Jedina je \u0161kola u Bosni i Hercegovini koja pru\u017ea odgojno-obrazovnu podr\u0161ku u\u010denicima hospitaliziranim na Pedijatrijskoj klinici KCUS-a putem Podru\u010dnog odjeljenja \u201c\u0160kola u bolnici\u201d.\u2013<\/p>\n\n\n\n<p>Od osnivanja, \u0161kola je mijenjala naziv. S radom je po\u010dela 1965. godine, kao Osnovna \u0161kola \u201cVasin Han\u201d. 1968. godine mijenja naziv u \u201cPetar Ko\u010di\u0107\u201d. Na prijedlog tada\u0161njeg direktora \u0161kole, prof.historije i geografije, Mehmeda Alibegovi\u0107a, \u0161kola mijenja naziv u Osnovna \u0161kola \u201cVrhbosna\u201d.<\/p>\n\n\n\n<p>Naziv \u0161kole se ve\u017ee za prve korijene bosanske dr\u017eavnosti. U historijskim zapisima iz XII stolje\u0107a pominje se naselje Faleti\u0107i u kojem su&nbsp; \u017eivjeli i neki sve\u0107enici Crkve bosanske, bogumilske. Kasnije se pominju i druga sela i ovi prostori su u sastavu \u017eupe Vrhbosna. Kroz cijelo srednje stolje\u0107e \u017eupa Vrhbosna, prva administrativna jedinica, bila je sjedi\u0161te bosanske dr\u017eave.<\/p>\n\n\n\n<p>Tokom agresije na Bosnu i Hercegovinu, objekat i inventar \u0161kolske zgrade su u potpunosti uni\u0161teni. \u0160kola je granatirana i spaljena u septembru 1992. godine. Nastava se odvijala u podrumima privatnih ku\u0107a na tri punkta.<\/p>\n\n\n\n<p>26.12.1996.godine, donacijama je obnovljen centralni dio zgrade (sedam kabineta). Najve\u0107i udio u donacijama je imala Kraljevina Norve\u0161ka te je za Dan \u0161kole odre\u0111en 17.maj, Dan Kraljevine Norve\u0161ke. 1998. godine su po\u010deli radovi na rekonstrukciji sale za tjelesni i zdravstveni odgoj.<\/p>\n\n\n\n<p>2008. godine je po\u010dela obnova drugog dijela objekta \u0161kole, koja je zavr\u0161ena 2017. godine.<\/p>\n\n\n\n<p>Pored te\u0161ko\u0107a zbog nedostatka prostora i dugog perioda obnove objekta \u0161kole, odgojno-obrazovni rad s u\u010denicima se odvijao na principima savremenog obrazovanja. Realizirani su i realiziraju se brojni projekti s ciljem unaprje\u0111enja znanja, vje\u0161tina i kompetencija u\u010denika. Od zna\u010dajnijih projekata, u \u0161koli se realizirao projekat \u201cTabla\u201d, \u201cMeti ispred svoga praga\u201d, STEM i eksperimentalni program za primjenu ishoda u nastavi maternjeg jezika. \u0160kola ima ostvarenu me\u0111unarodnu saradnju sa \u0161kolama iz Holandije, Turske i Srbije.<\/p>\n\n\n\n<p>Kroz nastavu i vannastavne aktivnosti, u\u010denici zadovoljavaju posebne interese i sklonosti. Folklorna sekcija, ritmi\u010dka sekcija, hor, \u0161ahovska sekcija i sportske sekcije su postigle zna\u010dajne uspjehe. U\u010denici su na Me\u0111unarodnom takmi\u010denju iz robotike osvojili 3.mjesto i u\u010destvovali na Svjetskom takmi\u010denju iz robotike.<\/p>\n\n\n\n<p>\u0160kola posjeduje STEAM kabinet prilago\u0111en i opremljen za savremeno izvo\u0111enje nastave fizike, hemije, biologije, informatike, matematike i geografije.<\/p>\n\n\n\n<p>Kabinet tehni\u010dke kulture je u specijaliziranom kabinetu, opremljen savremenim sredstvima za rad i 3-D printerima.<\/p>\n\n\n\n<p>Biblioteka sa \u010ditaonicom je prostor u kojem se u\u010denici odmaraju i istra\u017euju. Sva obavezna lektira i bogat izbor drugih naslova, kao stru\u010dne literature mogu zadovoljiti potrebe na\u0161ih u\u010denika, nastavnika i roditelja za \u010ditanjem.<\/p>\n\n\n\n<p>\u0160kolske aktivnosti su usmjerene na sigurnost, za\u0161titu okoli\u0161a, razvoj istra\u017eiva\u010dkih sposobnosti i sposobnosti rje\u0161avanja problema, integrisano u\u010denje i pou\u010davanje.<\/p>\n","protected":false},"excerpt":{"rendered":"<p>Javna ustanova Osnovna \u0161kola \u201cVrhbosna\u201d smje\u0161tena je u naselju Faleti\u0107i, Op\u0107ina Stari Grad Sarajevo. Jedina je \u0161kola u Bosni i Hercegovini koja pru\u017ea odgojno-obrazovnu podr\u0161ku u\u010denicima hospitaliziranim na Pedijatrijskoj klinici KCUS-a putem Podru\u010dnog odjeljenja \u201c\u0160kola u bolnici\u201d.\u2013 Od osnivanja, \u0161kola je mijenjala&#8230;<\/p>\n","protected":false},"author":1,"featured_media":0,"parent":0,"menu_order":0,"comment_status":"closed","ping_status":"closed","template":"","meta":{"footnotes":""},"class_list":["post-86","page","type-page","status-publish","hentry"],"_links":{"self":[{"href":"https:\/\/osvrhbosna.edu.ba\/index.php\/wp-json\/wp\/v2\/pages\/86","targetHints":{"allow":["GET"]}}],"collection":[{"href":"https:\/\/osvrhbosna.edu.ba\/index.php\/wp-json\/wp\/v2\/pages"}],"about":[{"href":"https:\/\/osvrhbosna.edu.ba\/index.php\/wp-json\/wp\/v2\/types\/page"}],"author":[{"embeddable":true,"href":"https:\/\/osvrhbosna.edu.ba\/index.php\/wp-json\/wp\/v2\/users\/1"}],"replies":[{"embeddable":true,"href":"https:\/\/osvrhbosna.edu.ba\/index.php\/wp-json\/wp\/v2\/comments?post=86"}],"version-history":[{"count":2,"href":"https:\/\/osvrhbosna.edu.ba\/index.php\/wp-json\/wp\/v2\/pages\/86\/revisions"}],"predecessor-version":[{"id":3138,"href":"https:\/\/osvrhbosna.edu.ba\/index.php\/wp-json\/wp\/v2\/pages\/86\/revisions\/3138"}],"wp:attachment":[{"href":"https:\/\/osvrhbosna.edu.ba\/index.php\/wp-json\/wp\/v2\/media?parent=86"}],"curies":[{"name":"wp","href":"https:\/\/api.w.org\/{rel}","templated":true}]}}

O ŠKOLI

<p></p>



<p>Javna ustanova Osnovna škola “Vrhbosna” smještena je u naselju Faletići, Općina Stari Grad Sarajevo. Jedina je škola u Bosni i Hercegovini koja pruža odgojno-obrazovnu podršku učenicima hospitaliziranim na Pedijatrijskoj klinici KCUS-a putem Područnog odjeljenja “Škola u bolnici”.–</p>



<p>Od osnivanja, škola je mijenjala naziv. S radom je počela 1965. godine, kao Osnovna škola “Vasin Han”. 1968. godine mijenja naziv u “Petar Kočić”. Na prijedlog tadašnjeg direktora škole, prof.historije i geografije, Mehmeda Alibegovića, škola mijenja naziv u Osnovna škola “Vrhbosna”.</p>



<p>Naziv škole se veže za prve korijene bosanske državnosti. U historijskim zapisima iz XII stoljeća pominje se naselje Faletići u kojem su&nbsp; živjeli i neki svećenici Crkve bosanske, bogumilske. Kasnije se pominju i druga sela i ovi prostori su u sastavu župe Vrhbosna. Kroz cijelo srednje stoljeće župa Vrhbosna, prva administrativna jedinica, bila je sjedište bosanske države.</p>



<p>Tokom agresije na Bosnu i Hercegovinu, objekat i inventar školske zgrade su u potpunosti uništeni. Škola je granatirana i spaljena u septembru 1992. godine. Nastava se odvijala u podrumima privatnih kuća na tri punkta.</p>



<p>26.12.1996.godine, donacijama je obnovljen centralni dio zgrade (sedam kabineta). Najveći udio u donacijama je imala Kraljevina Norveška te je za Dan škole određen 17.maj, Dan Kraljevine Norveške. 1998. godine su počeli radovi na rekonstrukciji sale za tjelesni i zdravstveni odgoj.</p>



<p>2008. godine je počela obnova drugog dijela objekta škole, koja je završena 2017. godine.</p>



<p>Pored teškoća zbog nedostatka prostora i dugog perioda obnove objekta škole, odgojno-obrazovni rad s učenicima se odvijao na principima savremenog obrazovanja. Realizirani su i realiziraju se brojni projekti s ciljem unaprjeđenja znanja, vještina i kompetencija učenika. Od značajnijih projekata, u školi se realizirao projekat “Tabla”, “Meti ispred svoga praga”, STEM i eksperimentalni program za primjenu ishoda u nastavi maternjeg jezika. Škola ima ostvarenu međunarodnu saradnju sa školama iz Holandije, Turske i Srbije.</p>



<p>Kroz nastavu i vannastavne aktivnosti, učenici zadovoljavaju posebne interese i sklonosti. Folklorna sekcija, ritmička sekcija, hor, šahovska sekcija i sportske sekcije su postigle značajne uspjehe. Učenici su na Međunarodnom takmičenju iz robotike osvojili 3.mjesto i učestvovali na Svjetskom takmičenju iz robotike.</p>



<p>Škola posjeduje STEAM kabinet prilagođen i opremljen za savremeno izvođenje nastave fizike, hemije, biologije, informatike, matematike i geografije.</p>



<p>Kabinet tehničke kulture je u specijaliziranom kabinetu, opremljen savremenim sredstvima za rad i 3-D printerima.</p>



<p>Biblioteka sa čitaonicom je prostor u kojem se učenici odmaraju i istražuju. Sva obavezna lektira i bogat izbor drugih naslova, kao stručne literature mogu zadovoljiti potrebe naših učenika, nastavnika i roditelja za čitanjem.</p>



<p>Školske aktivnosti su usmjerene na sigurnost, zaštitu okoliša, razvoj istraživačkih sposobnosti i sposobnosti rješavanja problema, integrisano učenje i poučavanje.</p>

<p>Javna ustanova Osnovna škola “Vrhbosna” smještena je u naselju Faletići, Općina Stari Grad Sarajevo. Jedina je škola u Bosni i Hercegovini koja pruža odgojno-obrazovnu podršku učenicima hospitaliziranim na Pedijatrijskoj klinici KCUS-a putem Područnog odjeljenja “Škola u bolnici”.– Od osnivanja, škola je mijenjala&#8230;</p>
